{"id":36,"date":"2022-07-12T19:10:56","date_gmt":"2022-07-12T19:10:56","guid":{"rendered":"https:\/\/trassiendo.cl\/?page_id=36"},"modified":"2022-11-01T20:30:01","modified_gmt":"2022-11-01T20:30:01","slug":"agenda-tu-sesion","status":"publish","type":"page","link":"https:\/\/trassiendo.cl\/index.php\/agenda-tu-sesion\/","title":{"rendered":"Agenda tu sesi\u00f3n"},"content":{"rendered":"<p>[vc_row][vc_column][vc_column_text]<\/p>\n<h1 style=\"text-align: center;\">\u00bfNecesitas agendar una sesi\u00f3n?<\/h1>\n<p>[\/vc_column_text][vc_separator color=\u00bbvista_blue\u00bb style=\u00bbshadow\u00bb border_width=\u00bb3&#8243;][vc_column_text]<\/p>\n<p style=\"text-align: center;\">Puedes agendar tu sesi\u00f3n llamando al celular +56 9 9516 9513, mediante WhatsApp o correo electr\u00f3nico. Selecciona tu medio favorito m\u00e1s abajo y \u00a1podr\u00e1s reservar\u00a0tu\u00a0hora!<\/p>\n<p>[\/vc_column_text][\/vc_column][\/vc_row][vc_row][vc_column][vc_tta_accordion title_tag=\u00bbh4&#8243; c_align=\u00bbcenter\u00bb c_icon=\u00bbchevron\u00bb active_section=\u00bb1&#8243; title=\u00bbSelecciona tu medio de contacto favorito aqu\u00ed\u00bb][vc_tta_section i_position=\u00bbright\u00bb i_icon_fontawesome=\u00bbfab fa-whatsapp\u00bb add_icon=\u00bbtrue\u00bb title=\u00bbV\u00eda WhatsApp\u00bb tab_id=\u00bb1661836425809-be714f21-620e\u00bb][vc_column_text]<\/p>\n<p style=\"text-align: center;\">Solo debes hacer click sobre el icono de m\u00e1s abajo y acceder\u00e1s al WhatsApp de Tras&#8230;siendo.<\/p>\n<p>[\/vc_column_text][vc_icon icon_fontawesome=\u00bbfab fa-whatsapp\u00bb color=\u00bbgreen\u00bb size=\u00bbxl\u00bb align=\u00bbcenter\u00bb css_animation=\u00bbappear\u00bb link=\u00bburl:https%3A%2F%2Fapi.whatsapp.com%2Fsend%3Fphone%3D56995169513|target:_blank\u00bb][vc_message message_box_color=\u00bbvista_blue\u00bb icon_fontawesome=\u00bbfas fa-hand-holding-heart\u00bb]<\/p>\n<p style=\"text-align: center;\">Recuerda que el horario de atenci\u00f3n v\u00eda WhatsApp comienza a las 7:00 a.m y termina a las 19:00 p.m.<\/p>\n<p>[\/vc_message][\/vc_tta_section][vc_tta_section i_position=\u00bbright\u00bb i_icon_fontawesome=\u00bbfar fa-paper-plane\u00bb add_icon=\u00bbtrue\u00bb title=\u00bbV\u00eda correo electr\u00f3nico\u00bb tab_id=\u00bb1661836425810-ad3ec314-a32f\u00bb][vc_column_text]<\/p>\n<p style=\"text-align: center;\">Para agendar tu sesi\u00f3n a trav\u00e9s de un correo electr\u00f3nico debes rellenar los campos del siguiente formulario:<\/p>\n<p>[\/vc_column_text]<div role=\"form\" class=\"wpcf7\" id=\"wpcf7-f97-o1\" lang=\"es-ES\" dir=\"ltr\">\n<div class=\"screen-reader-response\"><p role=\"status\" aria-live=\"polite\" aria-atomic=\"true\"><\/p> <ul><\/ul><\/div>\n<form action=\"\/index.php\/wp-json\/wp\/v2\/pages\/36#wpcf7-f97-o1\" method=\"post\" class=\"wpcf7-form init\" novalidate=\"novalidate\" data-status=\"init\">\n<div style=\"display: none;\">\n<input type=\"hidden\" name=\"_wpcf7\" value=\"97\" \/>\n<input type=\"hidden\" name=\"_wpcf7_version\" value=\"5.6.4\" \/>\n<input type=\"hidden\" name=\"_wpcf7_locale\" value=\"es_ES\" \/>\n<input type=\"hidden\" name=\"_wpcf7_unit_tag\" value=\"wpcf7-f97-o1\" \/>\n<input type=\"hidden\" name=\"_wpcf7_container_post\" value=\"0\" \/>\n<input type=\"hidden\" name=\"_wpcf7_posted_data_hash\" value=\"\" \/>\n<\/div>\n<p><label> Tu nombre<br \/>\n    <span class=\"wpcf7-form-control-wrap\" data-name=\"your-name\"><input type=\"text\" name=\"your-name\" value=\"\" size=\"40\" class=\"wpcf7-form-control wpcf7-text wpcf7-validates-as-required\" aria-required=\"true\" aria-invalid=\"false\" \/><\/span> <\/label><\/p>\n<p><label> Tu correo electr\u00f3nico<br \/>\n    <span class=\"wpcf7-form-control-wrap\" data-name=\"your-email\"><input type=\"email\" name=\"your-email\" value=\"\" size=\"40\" class=\"wpcf7-form-control wpcf7-text wpcf7-email wpcf7-validates-as-required wpcf7-validates-as-email\" aria-required=\"true\" aria-invalid=\"false\" \/><\/span> <\/label><\/p>\n<p><label> Asunto<br \/>\n    <span class=\"wpcf7-form-control-wrap\" data-name=\"your-subject\"><input type=\"text\" name=\"your-subject\" value=\"\" size=\"40\" class=\"wpcf7-form-control wpcf7-text wpcf7-validates-as-required\" aria-required=\"true\" aria-invalid=\"false\" \/><\/span> <\/label><\/p>\n<p><label> Mensaje (Recuerda especificar la sesi\u00f3n que deseas agendar, un d\u00eda de preferencia y un rango de hora)<br \/>\n    <span class=\"wpcf7-form-control-wrap\" data-name=\"your-message\"><textarea name=\"your-message\" cols=\"40\" rows=\"10\" class=\"wpcf7-form-control wpcf7-textarea\" aria-invalid=\"false\"><\/textarea><\/span> <\/label><\/p>\n<p><input type=\"submit\" value=\"Enviar\" class=\"wpcf7-form-control has-spinner wpcf7-submit\" \/><\/p>\n<div class=\"wpcf7-response-output\" aria-hidden=\"true\"><\/div><\/form><\/div>[vc_message message_box_color=\u00bbvista_blue\u00bb icon_fontawesome=\u00bbfas fa-hand-holding-heart\u00bb]<\/p>\n<p style=\"text-align: center;\">Tras&#8230;siendo responder\u00e1 tu correo tan pronto sea posible. Si lo deseas, puedes facilitar tu n\u00famero telef\u00f3nico en el cuerpo del mensaje para notificar la confirmaci\u00f3n o eventual modificaci\u00f3n de tu sesi\u00f3n a trav\u00e9s de una llamada telef\u00f3nica.<\/p>\n<p>[\/vc_message][\/vc_tta_section][\/vc_tta_accordion][\/vc_column][\/vc_row]<\/p>\n","protected":false},"excerpt":{"rendered":"<p>[vc_row][vc_column][vc_column_text] \u00bfNecesitas agendar una sesi\u00f3n? [\/vc_column_text][vc_separator color=\u00bbvista_blue\u00bb style=\u00bbshadow\u00bb border_width=\u00bb3&#8243;][vc_column_text] Puedes agendar tu sesi\u00f3n llamando al celular +56 9 9516 9513, mediante WhatsApp o correo electr\u00f3nico. Selecciona tu medio favorito m\u00e1s [&hellip;]<\/p>\n","protected":false},"author":1,"featured_media":0,"parent":0,"menu_order":0,"comment_status":"closed","ping_status":"closed","template":"","meta":{"footnotes":""},"class_list":["post-36","page","type-page","status-publish","hentry"],"_links":{"self":[{"href":"https:\/\/trassiendo.cl\/index.php\/wp-json\/wp\/v2\/pages\/36","targetHints":{"allow":["GET"]}}],"collection":[{"href":"https:\/\/trassiendo.cl\/index.php\/wp-json\/wp\/v2\/pages"}],"about":[{"href":"https:\/\/trassiendo.cl\/index.php\/wp-json\/wp\/v2\/types\/page"}],"author":[{"embeddable":true,"href":"https:\/\/trassiendo.cl\/index.php\/wp-json\/wp\/v2\/users\/1"}],"replies":[{"embeddable":true,"href":"https:\/\/trassiendo.cl\/index.php\/wp-json\/wp\/v2\/comments?post=36"}],"version-history":[{"count":8,"href":"https:\/\/trassiendo.cl\/index.php\/wp-json\/wp\/v2\/pages\/36\/revisions"}],"predecessor-version":[{"id":145,"href":"https:\/\/trassiendo.cl\/index.php\/wp-json\/wp\/v2\/pages\/36\/revisions\/145"}],"wp:attachment":[{"href":"https:\/\/trassiendo.cl\/index.php\/wp-json\/wp\/v2\/media?parent=36"}],"curies":[{"name":"wp","href":"https:\/\/api.w.org\/{rel}","templated":true}]}}